m**3 - 7*m**2 - 85*m + 581. What is the thousands digit of w(6)?
4
Let q(z) = -z**3 + 4*z**2 + 12*z - 39. Let k be q(4). Suppose -k*m - 20 = -5*m, 0 = -5*h + 4*m + 4790. What is the tens digit of h?
5
Let p(c) = c + 12. Let j be p(-7). Let o be (2837 - (-5 + 3)) + j. What is the tens digit of 3/(-15) - o/(-20)?
4
Suppose -11441 = -6*y - 2849. Let l = -511 + y. What is the tens digit of l?
2
Suppose -5*r + 14 = 144. What is the thousands digit of (-8 - 195/r)/((-1)/2658)?
1
Let q(w) = w - 1. Let f(z) = -10*z**2 + 6*z - 4. Let d(s) = -f(s) + 4*q(s). Suppose 5*l = -2*r + 8, -4 = 5*l - 14. What is the tens digit of d(r)?
1
Let j be 33/(-11) + 3/1. Suppose -4*a - 495 + 3035 = j. Suppose 6*x - a = x. What is the tens digit of x?
2
Suppose 3*v + 2*a - 19 + 75 = 0, 5*v = 3*a - 68. Let y be 9/4 - 2/(v/6). Suppose 3*o - x = y*x + 346, 3*o = -4*x + 362. What is the units digit of o?
8
Suppose u + 2*o = 507, u + 4*o = -4*u + 2541. Suppose -4*d + 286 = 5*w - 138, -5*d = w - u. What is the hundreds digit of d?
1
Let z = -6784 + 9411. What is the hundreds digit of z?
6
Suppose 2*h + 152 = 4*q, -3*q + 8*q - 220 = -5*h. Let d be 5/4*((0 - -1) + 67). Let j = d - q. What is the tens digit of j?
4
Suppose -5 = 2*z + 3*z, 4*p - 302 = -2*z. Suppose -f + 261 = -p. Suppose 5*i = 58 + f. What is the units digit of i?
9
Let j = -67 + 72. Let v be (0 + -3)*1 + 8. Suppose o = -5*h + 45 + 50, 0 = v*o - j*h - 415. What is the tens digit of o?
8
Let x(u) = u**3 + 7*u**2 - 10*u - 4. Let v be x(-8). Suppose n - 55 = o - 4*n, 2*o - 3*n + 117 = 0. What is the units digit of 3/v + 5/(-20) - o?
0
Suppose -3*v + 17 = -3*s + 2*v, -2*s = -v + 2. Let b(p) = 367*p + 21. What is the hundreds digit of b(s)?
3
Let a be 17/(408/5634)*32/6. Suppose 748 + a = 4*t. What is the units digit of t?
0
What is the tens digit of -116 + 109 - 11/(-1) - -23965?
6
Let c be (2 - 2)*-1 - 21. Let m be c*3/(-45)*55. Let n = m + -58. What is the tens digit of n?
1
Let m = -232 + 448. Suppose w - m = -2*w. Suppose h = -5*h + w. What is the tens digit of h?
1
Let p(l) = -85*l + 5141. Let u be p(45). Suppose 3*o + 7 = 5*h + o, -3*h - 2*o + 1 = 0. What is the units digit of (u/6)/h - (-10)/15?
0
Let z = -338 - -283. What is the units digit of 2/(-3)*31350/z?
0
What is the units digit of ((92/24 + -4)*292)/((-42)/17577)?
7
Suppose 37*d - 32*d = 3*a - 42101, -3*a + 4*d + 42103 = 0. What is the ten thousands digit of a?
1
Suppose 20*z - 85 = -5. Let h(w) = 234*w + 3. What is the tens digit of h(z)?
3
Let y = 1479 - 837. Suppose 4*i + y = -3*c + 2108, 4*c = 8. What is the hundreds digit of i?
3
Let l be (-2)/(190/(-45) - -4). Suppose 4*z = 2*z + n + 11, n - l = -2*z. Suppose 259 = z*h - 126. What is the tens digit of h?
7
Let g(n) = -3. Let c(q) = q - 1. Let h(u) = -5*c(u) + g(u). Let j(d) = d - 9. Let i be j(0). What is the units digit of h(i)?
7
Let m = -49 - -51. Let b(o) = 9*o**2 + o**2 + m*o - 2*o**2 - 6*o. What is the tens digit of b(3)?
6
What is the ten thousands digit of ((-1104)/(-112) + -11)*(-536620)/8?
7
Let j be ((-104)/65)/(2 + 24/(-15)). Let n(p) = -334*p - 1. What is the tens digit of n(j)?
3
Let b be 18/(-4)*8/6. Let c(p) = -7*p - 34. Let t be c(b). Suppose -t*l + 4*l = -64. What is the tens digit of l?
1
Suppose -27 - 15 = -14*y. What is the units digit of (-119)/17 - (y - 1119)?
9
Suppose 2*k = -2*t + 92, -k - 4*t - 248 = -6*k. Suppose -7*z + z = -k. Suppose -305 = -z*x + 135. What is the units digit of x?
5
Suppose 0 = -5*o - 4*f + 260427, 23*f - 104190 = -2*o + 19*f. What is the hundreds digit of o?
0
Suppose -39*d + 42*d + 5*r = 25987, -3*d + 25967 = r. What is the thousands digit of d?
8
Let l(o) = 55*o**2 - 20*o - 442. What is the hundreds digit of l(21)?
3
Let n = 2407 - 1217. What is the units digit of n?
0
Suppose -41*h + 42*h = 13. Suppose t - h*x = -8*x + 1438, -5*t - x + 7190 = 0. What is the hundreds digit of t?
4
Let g = 1523 - -428. What is the units digit of g?
1
Suppose 5*r = 5*v + r + 33, -v + 5*r - 15 = 0. Let b = -9881 + 10033. Let g = v + b. What is the units digit of g?
7
Let j = -60 + 56. Let x be (12 + -6)*((-22)/j + -2). Suppose -2*g = 2*k - g - x, -g = -3*k + 39. What is the tens digit of k?
1
Let b be 36/16*(-4)/9*-3. Suppose 5 = b*t + 59. Let j = t + 52. What is the tens digit of j?
3
Suppose -4*z + 5*z - p = 276, -1371 = -5*z - 4*p. Suppose -4*h - 959 = -z. Let f = -118 - h. What is the units digit of f?
3
Let c = 61 + -6. Let y = c - -109. What is the units digit of y?
4
Let d = -172 - -245. Suppose -4*k = -5*f + 6957, -6948 = d*f - 78*f + k. What is the units digit of f?
9
Let w = 190 - 174. Suppose 5*g + 38 = 2*u - 14, -w = 4*g. What is the units digit of u?
6
Let j(l) be the third derivative of 73*l**4/24 - 21*l**3 + 32*l**2. What is the hundreds digit of j(10)?
6
Let f(m) = m**3 - 14*m**2 + 11*m + 32. Let h be f(13). Let s(j) = -83 + 5*j**2 + 81 - h*j**2 + 6*j + 3*j**3. What is the tens digit of s(4)?
9
Suppose 0 = 5*v - 2*i - 1375, -i + 167 = 4*v - 946. What is the tens digit of v?
7
Let f(v) = -16*v + 990. What is the hundreds digit of f(-39)?
6
Let j(a) = 3*a + 39. Let t be j(-11). Suppose 8028 = t*h + 1428. What is the thousands digit of h?
1
Let o(b) = -3*b**2 + 7*b + 22. Let m be o(-10). Let c be (-4)/8*m/6. Suppose -11 = -5*p + c. What is the units digit of p?
8
Suppose -2*d = a - 1555, -2693 = -3*a - 4*d + 1970. What is the hundreds digit of a?
5
Let a(s) = 2*s + 44. Let h be a(-23). Let t be ((12/21)/(-2))/(h/14). What is the units digit of ((-35)/20)/(t*1/(-56))?
9
Let j(r) = -17*r + 76. Let t be j(21). Let m = 760 + t. What is the tens digit of m?
7
Suppose -4364*t - 164680 - 37760 = -4379*t. What is the thousands digit of t?
3
Let a = 469 - -17204. What is the thousands digit of a?
7
Let v(l) = 4405*l**2 - 9*l - 8. What is the units digit of v(-1)?
6
Let f(y) = -29 - 11*y + 2*y**3 + 105 + 4*y**2 - 24. What is the units digit of f(8)?
4
Let z(l) = 17888*l**2 - 5*l + 3. What is the hundreds digit of z(2)?
5
Let v = -22 + 30. Let m be (-40)/15*(-2)/v*309. Suppose -3*o + 2*o + 204 = d, o + 3*d = m. What is the units digit of o?
3
Let z be (-102)/(-24) - 6/(-8). Suppose -4*l - 6*l = -z*l. Suppose -3*q + l*q = -171. What is the tens digit of q?
5
Let h(w) = -105*w**3 + 2*w**2 + 3*w - 2. Let q be h(-2). Suppose 28*t - 14*t = q. What is the units digit of t?
0
Let l = -385 - -492. Suppose -112*v = -l*v - 1055. What is the tens digit of v?
1
Suppose 0 = i - 8*i + 63. Suppose j + i*u - 276 = 5*u, -5*j - u = -1361. What is the hundreds digit of j?
2
What is the tens digit of (2/6)/((-9)/(-1042362)) - (-21)/3?
1
Suppose 10 = -v + 25. Suppose v*l - 7910 = 5*l. What is the hundreds digit of l?
7
Let x(y) = 2*y**3 + 10*y**2 - 16*y - 20. Let i be x(-6). Suppose i*w - 3928 = 3604. What is the tens digit of w?
8
Suppose y + 20 = -3*y, 4*m - 11343 = 3*y. What is the thousands digit of m?
2
Suppose -133 = -r + 2*a, -5*r + a + 377 + 252 = 0. Suppose 4*i - r = -f, 5*f - i - 661 = -3*i. What is the hundreds digit of f?
1
Suppose -37*n - 49*n = -64*n - 74052. What is the thousands digit of n?
3
Let w be (-658 - 6)*(-11)/(-4) + 2. What is the hundreds digit of ((-15)/(-30))/((-2)/w)?
4
Let x = 201692 - 137418. What is the hundreds digit of x?
2
Let i(w) = 4*w**3 - 43*w**2 - 17*w + 4. Let c be i(14). Let n = c - 1357. What is the units digit of n?
7
Let p(x) = 27*x**2 + 15*x. Let t(g) = 109*g**2 + 60*g + 2. Let u(y) = 9*p(y) - 2*t(y). What is the hundreds digit of u(-4)?
3
Suppose 22*r + 88 = 14*r. Let s(v) = -2*v**3 - 21*v**2 + 8*v - 22. Let m be s(r). Suppose -2272 = -m*z + 3*z. What is the tens digit of z?
8
Suppose 0 = -3*r, 14*n - 9*n + r - 16*r = 104305. What is the hundreds digit of n?
8
Let n(i) = -2*i**3 - 5*i**2 + 4*i + 3. Let r be n(-3). Suppose 3*x = -r*x - 15. What is the hundreds digit of ((-3 - -276) + x)*(-2)/(-4)?
1
Let r = 9649 - 3486. What is the hundreds digit of r?
1
Let c(r) = -2*r**3 + 8*r**2 + 7. Let k be c(4). Suppose -1193 = -k*n + 2426. What is the tens digit of n?
1
Let g(n) = -n**3 + n + 17. Let j be g(-4). Let y = j - 75. What is the hundreds digit of (-2)/(-2) + (y - -134 - -5)?
1
Suppose 26*p - 19*p = -39*p + 2369966. What is the units digit of p?
1
What is the ten thousands digit of 3/5*-2*(-10580)/((-13)/(-13))?
1
Let w = 61137 + -13701.